0 (base 2) to base 14.
-1a
-1320 (base 4) to base 5
-440
Convert 100 (base 15) to base 11.
195
Convert 237 (base 9) to base 12.
144
2 (base 13) to base 14
2
Convert -3 (base 15) to base 10.
-3
Convert -54 (base 13) to base 14.
-4d
Convert -546 (base 7) to base 15.
-139
Convert 42 (base 6) to base 16.
1a
Convert 2 (base 11) to base 7.
2
5 (base 10) to base 7
5
-7 (base 9) to base 10
-7
Convert -2 (base 7) to base 12.
-2
What is -1 (base 10) in base 4?
-1
-1036 (base 7) to base 8
-562
Convert 4 (base 9) to base 13.
4
What is 3 (base 7) in base 14?
3
What is 1 (base 5) in base 7?
1
What is 40 (base 5) in base 9?
22
Convert 30 (base 4) to base 5.
22
Convert -100 (base 5) to base 11.
-23
Convert -17 (base 11) to base 8.
-22
75 (base 11) to base 3
10001
What is -14 (base 9) in base 8?
-15
Convert 10110 (base 3) to base 15.
63
-8 (base 13) to base 10
-8
b (base 13) to base 14
b
Convert 1202 (base 3) to base 9.
52
What is -3223 (base 4) in base 15?
-10a
Convert 2 (base 13) to base 15.
2
31 (base 8) to base 11
23
Convert -1 (base 13) to base 16.
-1
-25 (base 10) to base 9
-27
Convert -1 (base 14) to base 2.
-1
What is 1002 (base 3) in base 9?
32
What is -124 (base 5) in base 14?
-2b
What is 313 (base 4) in base 6?
131
What is 1 (base 4) in base 13?
1
What is 0 (base 11) in base 2?
0
What is -6 (base 11) in base 7?
-6
Convert 2 (base 8) to base 2.
10
What is -11 (base 5) in base 15?
-6
-2 (base 9) to base 7
-2
Convert -7 (base 12) to base 7.
-10
What is -95 (base 10) in base 2?
-1011111
-1 (base 10) to base 14
-1
137 (base 12) to base 15
c7
Convert -1 (base 14) to base 12.
-1
Convert 0 (base 2) to base 15.
0
Convert 52 (base 16) to base 11.
75
6 (base 7) to base 3
20
Convert 35 (base 9) to base 13.
26
-5 (base 14) to base 2
-101
-261 (base 8) to base 12
-129
What is 2 (base 4) in base 5?
2
What is 3 (base 12) in base 14?
3
Convert -4 (base 6) to base 4.
-10
Convert -74 (base 9) to base 11.
-61
What is -1c (base 16) in base 5?
-103
-d (base 14) to base 4
-31
3 (base 9) to base 15
3
-a4 (base 15) to base 14
-b0
Convert 40 (base 6) to base 13.
1b
Convert 5 (base 16) to base 13.
5
Convert -11 (base 10) to base 13.
-b
Convert -2 (base 10) to base 6.
-2
1 (base 8) to base 10
1
What is -12 (base 4) in base 16?
-6
Convert 1101111 (base 2) to base 5.
421
-b (base 14) to base 9
-12
What is -1 (base 10) in base 16?
-1
Convert -1 (base 13) to base 6.
-1
Convert 2410 (base 5) to base 16.
163
-32 (base 5) to base 13
-14
-111000 (base 2) to base 16
-38
11 (base 2) to base 7
3
-27 (base 13) to base 3
-1020
22 (base 8) to base 2
10010
Convert 1 (base 12) to base 5.
1
Convert 2 (base 11) to base 13.
2
What is 2 (base 9) in base 2?
10
Convert -31 (base 8) to base 11.
-23
-85 (base 11) to base 16
-5d
Convert 151 (base 10) to base 11.
128
What is a5 (base 13) in base 8?
207
1 (base 16) to base 8
1
What is -11110110 (base 2) in base 5?
-1441
What is -8 (base 11) in base 16?
-8
What is -220 (base 4) in base 16?
-28
Convert 1 (base 2) to base 8.
1
-2 (base 14) to base 15
-2
Convert -256 (base 10) to base 11.
-213
What is 1 (base 7) in base 15?
1
What is -110 (base 3) in base 4?
-30
4 (base 16) to base 12
4
What is 74 (base 15) in base 2?
1101101
2 (base 3) to base 2
10
15 (base 6) to base 5
21
Convert -3132 (base 4) to base 9.
-266
Convert -b (base 15) to base 13.
-b
What is 8 (base 10) in base 15?
8
What is 4 (base 9) in base 3?
11
What is 1101010 (base 2) in base 11?
97
What is -1 (base 6) in base 2?
-1
What is 1 (base 9) in base 10?
1
-11 (base 4) to base 7
-5
What is -1 (base 15) in base 7?
-1
What is 1 (base 14) in base 13?
1
What is -1010 (base 3) in base 13?
-24
Convert 1 (base 15) to base 11.
1
Convert -2 (base 10) to base 12.
-2
3 (base 13) to base 9
3
-1201 (base 3) to base 9
-51
What is -11 (base 12) in base 9?
-14
What is -17 (base 12) in base 6?
-31
-1 (base 10) to base 6
-1
Convert -8 (base 9) to base 15.
-8
Convert 7 (base 14) to base 15.
7
What is 32 (base 12) in base 16?
26
Convert -40 (base 8) to base 12.
-28
-3 (base 11) to base 4
-3
Convert 28 (base 9) to base 14.
1c
Convert -6 (base 12) to base 6.
-10
Convert 0 (base 10) to base 7.
0
What is 115 (base 6) in base 3?
1202
Convert 83 (base 9) to base 15.
50
Convert -24 (base 16) to base 8.
-44
Convert 3 (base 12) to base 7.
3
-10 (base 3) to base 13
-3
What is 1a8 (base 14) in base 5?
2334
10110 (base 3) to base 13
72
-10011011 (base 2) to base 16
-9b
Convert 2 (base 3) to base 11.
2
Convert -129 (base 12) to base 11.
-151
Convert 106 (base 9) to base 14.
63
1004 (base 5) to base 14
93
What is 71 (base 9) in base 16?
40
What is -6c (base 16) in base 6?
-300
Convert -4 (base 12) to base 5.
-4
Convert -10 (base 3) to base 4.
-3
What is -3 (base 12) in base 5?
-3
Convert 21 (base 5) to base 11.
10
What is -420 (base 5) in base 3?
-11002
Convert 0 (base 4) to base 16.
0
What is 30 (base 15) in base 12?
39
Convert 2 (base 11) to base 7.
2
Convert 17 (base 9) to base 7.
22
What is -9 (base 16) in base 2?
-1001
Convert 3 (base 15) to base 7.
3
-b (base 12) to base 14
-b
What is -6 (base 8) in base 5?
-11
Convert b (base 15) to base 13.
b
What is 1 (base 9) in base 11?
1
Convert 35 (base 9) to base 13.
26
What is -6 (base 10) in base 8?
-6
What is 2 (base 10) in base 3?
2
4 (base 5) to base 16
4
-27 (base 15) to base 6
-101
What is 4 (base 16) in base 7?
4
What is -1c (base 15) in base 3?
-1000
What is 14 (base 9) in base 16?
d
Convert -12 (base 4) to base 16.
-6
What is 40 (base 6) in base 15?
19
What is -136 (base 16) in base 7?
-622
44 (base 9) to base 15
2a
23 (base 11) to base 12
21
-11001011 (base 2) to base 7
-410
Convert 1 (base 10) to base 15.
1
54 (base 8) to base 4
230
What is -101 (base 2) in base 15?
-5
What is -1020 (base 4) in base 15?
-4c
Convert -c (base 16) to base 7.
-15
14 (base 16) to base 8
24
Convert 32 (base 16) to base 2.
110010
Convert 16 (base 9) to base 4.
33
What is -1 (base 2) in base 5?
-1
-20 (base 9) to base 2
-10010
What is -111 (base 7) in base 9?
-63
Convert 3 (base 6) to base 4.
3
Convert 11 (base 7) to base 13.
8
Convert -9 (base 13) to base 2.
-1001
Convert 8 (base 11) to base 4.
20
1 (base 9) to base 6
1
Convert 29 (base 11) to base 3.
1011
Convert -13 (base 8) to base 11.
-10
-89 (base 15) to base 10
-129
Convert -2b (base 14) to base 9.
-43
3 (base 12) to base 15
3
Convert -39 (base 10) to base 2.
-100111
Convert 6 (base 10) to base 6.
10
-2 (base 16) to base 10
-2
34 (base 9) to base 12
27
What is 111010 (base 2) in base 14?
42
What is -1 (base 3) in base 11?
-1
1 (base 10) to base 13
1
-4 (base 16) to base 11
-4
2 (base 5) to base 13
2
16 (base 12) to base 16
12
What is -402 (base 5) in base 6?
-250
Convert 4 (base 5) to base 2.
100
What is 6 (base 12) in base 15?
6
Convert 303 (base 4) to base 8.
63
-a (base 15) to base 14
-a
Convert 133 (base 8) to base 3.
10101
What is 7 (base 10) in base 15?
7
Convert 22 (base 5) to base 8.
14
21 (base 12) to base 5
100
What is a1 (base 12) in base 2?
1111001
Convert -124 (base 7) to base 9.
-74
20 (base 7) to base 2
1110
What is -1 (base 4) in base 6?
-1
Convert -3 (base 16) to base 15.
-3
What is -1 (base 11) in base 10?
-1
Convert 18 (base 14) to base 4.
112
What is 1 (base 12) in base 9?
1
34 (base 10) to base 13
28
-50 (base 6) to base 8
-36
What is 213 (base 4) in base 16?
27
7 (base 16) to base 13
7
7 (base 15) to base 4
13
-55 (base 9) to base 10
-50
Convert 33 (base 12) to base 13.
30
-10 (base 2) to base 16
-2
Convert -3 (base 11) to base 9.
-3
-81 (base 16) to base 14
-93
What is 1 (base 15) in base 16?
1
18 (base 15) to base 11
21
86 (base 14) to base 2
1110110
Convert -4 (base 7) to base 2.
-100
3 (base 9) to base 10
3
Convert -13 (base 12) to base 15.
-10
What is 3 (base 11) in base 14?
3
What is 2 (base 9) in base 5?
2
Convert 5b (base 14) to base 3.
10000
8 (base 12) to base 9
8
Convert -1 (base 9) to base 7.
-1
102 (base 3) to base 7
14
-12221 (base 3) to base 4
-2200
Convert -20 (base 3) to base 12.
-6
Convert -21 (base 10) to base 14.
-17
-2211 (base 4) to base 15
-b0
What is 35 (base 13) in base 11?
40
Convert -3 (base 6) to base 13.
-3
Convert 52 (base 14) to base 12.
60
37 (base 16) to base 10
55
232 (base 4) to base 7
64
Convert 12 (base 12) to base 11.
13
Convert 235 (base 9) to base 3.
21012
11101011 (base 